m. What is the units digit of q?
1
Suppose -4*y = -5*r - 310, 84 = y - 2*r + 4*r. Suppose 8*a - y = 3*a. What is the units digit of a?
6
Suppose 0 = n - 9 + 4. Suppose -4*j + n*t + 25 = -95, 2*t = 3*j - 83. Let f = 7 + j. What is the tens digit of f?
3
What is the hundreds digit of (2564 - -1) + (92 - 83)?
5
Let c(t) be the second derivative of 25*t**4/12 + t**3/3 - t**2/2 + 3*t. Let g be c(1). What is the units digit of (39/13)/(3/g)?
6
Suppose -2*o + 55 = 7. Let a = 40 - o. Let l = 33 - a. What is the tens digit of l?
1
What is the tens digit of (1 + 0/(-3))*530?
3
Suppose u = -7*a + 4*a + 1629, 5*u + 2*a = 8093. What is the thousands digit of u?
1
Suppose 4*d - 3 = d. Suppose -9 = 2*l + d. What is the units digit of 8/(-10) - 14/l?
2
Suppose 0 = 8*d + 81 + 503. Let i = -24 - d. What is the tens digit of i?
4
Suppose 8*w - 68 = 3*w - 4*i, -2*i - 56 = -5*w. Suppose y + p = -3*y + w, 0 = -3*p. Suppose 2 = -y*d + 8. What is the units digit of d?
2
Let t = 9 - 11. Let f be ((-50)/(-15))/(t/3). Let h(a) = a**3 + 8*a**2 + 9*a + 10. What is the tens digit of h(f)?
4
Let u be 42/(-1)*2/(-3). Let f = 86 + -59. Let x = u + f. What is the units digit of x?
5
Suppose 2 = 2*m - 4, -m - 17 = 5*x. What is the units digit of 1547/21 - x/3?
5
Let r be -1 - (-1 + -328 + 4). Suppose 0 = -3*p + 4*d + r, 4*p - 463 = -0*p - 5*d. What is the units digit of p?
2
Suppose 0 = -5*z + 17 + 13. Let g(j) = z*j - 4*j + 14 - j. What is the units digit of g(-6)?
8
Suppose 3*r + 81 = 297. What is the tens digit of r?
7
Let n = -101 - -365. What is the units digit of n?
4
Let b be (206*(-3)/(-6))/(-1). Let p = -30 - b. What is the tens digit of p?
7
Suppose -4*h - 30*g + 5496 = -26*g, -4*h + 3*g + 5468 = 0. What is the hundreds digit of h?
3
Let z(t) = -t**3 - 40*t**2 - 45*t - 175. What is the units digit of z(-39)?
9
Let l(b) = b + 74. Let g(f) = 25. Let m(c) = -8*g(c) + 3*l(c). Let w be m(-6). Suppose t = -w*t + 205. What is the units digit of t?
1
Suppose -71 - 57 = -q. What is the units digit of q?
8
Let b be (-6)/(4 + -6) + -1 - 0. What is the tens digit of (b + (-3)/6)*(-768)/(-18)?
6
Let u(o) = 6*o**3 - o**2 - 5*o + 10. What is the hundreds digit of u(5)?
7
Let p(i) = -i**3 - 12*i**2 - 12*i + 42. What is the tens digit of p(-14)?
0
Suppose 9*o + 8 = 13*o. Let n be 16 + o*(-12)/8. Let t = n - -1. What is the tens digit of t?
1
Suppose 4*f - 14 = -6. Suppose 2*p - 112 = -3*d - 0*p, f*d = 2*p + 88. What is the tens digit of d?
4
Suppose 15 = 5*g, -4*w + 5*g = 1 + 2. Suppose -5*c - w*x = -223, -c + 2*x = 3*x - 43. What is the units digit of c?
7
Let m be (-8 + 2)*-1 + -2. Suppose -4*f + 43 = 3*o, -3*f + 6*o - m = o. Suppose s - f + 2 = 0. What is the units digit of s?
5
Let b = -57 + 25. Let g = -23 - b. What is the units digit of g?
9
Let f(c) = 77*c**2 + c - 2. Let i be f(-1). Let h be 4/10 - 76/(-10). What is the tens digit of -4*(0 - i/h)?
3
Suppose 4*g - 2354 = 2*a, 66*g - 70*g + 5*a = -2369. What is the hundreds digit of g?
5
Let d = 1020 + -298. What is the hundreds digit of d?
7
Suppose 0 = 28*k - 24*k + 8. What is the tens digit of (-580)/(-8)*k/(-1)?
4
Suppose 2*f - 152 = -0*f. Suppose -4*l - 3*x - 323 = 0, -63 = 2*l - 3*x + f. What is the tens digit of -3 - l - (3 + 0)?
7
Suppose -37 = -2*l + 95. Suppose s - l = 16. What is the units digit of s?
2
Let z(j) = -j**3 + 5*j**2 + 5*j - 1. Let k be z(6). Let f = 5 + k. What is the units digit of (-5*10)/f + 2?
7
What is the hundreds digit of 5 - (0 - -1)/(13/(-65065))?
0
Suppose 3*x + 4011 = 5*h, -2*h + 52*x - 54*x = -1598. What is the hundreds digit of h?
8
Let v = 61 - 59. Suppose 2*i + 3*h + 216 = 5*i, -v*i - 4*h = -126. What is the units digit of i?
9
Suppose -4*d = -4*a, 4*d - 7*d = a - 16. What is the tens digit of 5/20 - (-179)/d?
4
Suppose 2*b - 4*x - 330 = 0, -2*b + 810 = 3*b + 5*x. Suppose v - 107 - b = 0. Suppose 0 = 5*m - v - 20. What is the tens digit of m?
5
Let v be 2/11 - 1901/(-11). Let i = v - 94. What is the tens digit of i?
7
Suppose -2*m + 1240 = 5*p + 3*m, 5*m + 768 = 3*p. What is the tens digit of p?
5
Suppose -7 = -8*j + 73. Let h be (3/6)/((-2)/2656). What is the units digit of 4/j - h/40?
7
Suppose -3*x - 4*p + 8238 = 0, -2*x = -3*p - 2766 - 2709. What is the tens digit of x?
4
What is the hundreds digit of (-9734)/(-4) + 48/32?
4
Suppose -3*c + 92 + 76 = 0. Suppose 2*x = 2*i - 46, 3*i - 5 = -5*x + c. What is the tens digit of i?
2
Suppose -2001 = -4*r + 1091. What is the units digit of r?
3
Let u = -162 - -93. Let m = 133 + u. What is the tens digit of m?
6
Let m be (-28)/(-3) + ((-308)/42 - -8). Let z be (-2)/(-3) + 5224/(-6). What is the tens digit of z/(-50) - (-6)/m?
1
Let w = 4230 + -2338. What is the units digit of w?
2
Let m(c) = -c**2 - 23*c - 14. Let k = 39 + -58. What is the units digit of m(k)?
2
Suppose 0 = 2*c - 559 - 159. What is the units digit of c?
9
Let u = 9 - 46. Let c = -68 - u. Let h = c - -57. What is the tens digit of h?
2
Let p be (-13)/(-3) + 1/(-3). Let g(i) = -2*i**2 - 4*i + 14. Let y(r) = -3*r**2 - 4*r + 18. Let l(t) = 4*g(t) - 3*y(t). What is the units digit of l(p)?
2
Suppose 42*x = 2086 + 854. What is the tens digit of x?
7
Let r(k) = 0*k**2 - 1 + 1 - k**2 - 6 - 10*k. What is the units digit of r(-4)?
8
Let q be (0 + -3 + 4)*4. Suppose 0 = -c + z + 19, -31 = -c - q*z + 8*z. What is the units digit of (12/(-20))/((-1)/c)?
9
Let c(z) be the third derivative of z**6/120 + z**5/10 - z**4/4 - 7*z**3/6 - 10*z**2. What is the tens digit of c(-5)?
4
Suppose 0 = 3*t - 970 - 842. What is the tens digit of t?
0
Suppose 2*k = 5*b + 260, -2*k + 3*b + 264 = -b. Let j = -95 + k. Let x = j + -31. What is the tens digit of x?
1
Suppose -6*n + 14 + 10 = 0. Let v be (-40)/n + -3 + 1. Let l = 16 + v. What is the units digit of l?
4
Let s be (3 + -5 - 2) + (-7)/(-1). Suppose 10 = -2*j, -2*j = -s*v + 244 - 21. What is the units digit of v?
1
Suppose 4*h - 2211 = 3*d, 3*d + 2186 = 4*h + 5*d. What is the hundreds digit of h?
5
Let r be (1/(-9)*-3)/((-6)/(-450)). Suppose 3*f = 5*u + 461, -6*u + u = -r. What is the hundreds digit of f?
1
Let d(r) = -r**2 - r - 24. Let f be 0/(1/(4 + -3)). Let o be d(f). What is the units digit of (102/o)/(2/(-8))?
7
Let n = -15 + 17. Suppose -c - n*c = -12. Let j = c - -45. What is the units digit of j?
9
Let b(y) = 7*y - 1. Let s(h) = -h - 2. Let x(l) = -b(l) - 6*s(l). What is the units digit of x(3)?
0
Suppose -5*b = -10*b + 3350. Suppose -l = -6*l + b. What is the units digit of l?
4
Let s(a) = -7*a**3 + 3*a**2 + 3*a - 13. What is the tens digit of s(-4)?
7
Let f(u) = -6*u**3 + 4*u**2 + 2*u - 4. Suppose -3 = -i + 4*y + 4, -11 = -2*i + 5*y. Let r be f(i). What is the tens digit of (-12)/(-8)*r/(-6)?
3
Let s(z) = z + 1. Let p(y) = -10*y - 6. Let h(o) = p(o) + 2*s(o). Let q = -27 + 21. What is the tens digit of h(q)?
4
What is the units digit of 3 - -15*22/1?
3
Let o(q) = q**3 - 8*q**2 + 4*q + 11. Let g be o(5). What is the units digit of 0/(-1) - g - (-10)/5?
6
Let s(m) = -m**2 - 8*m + 3. Let c be ((-7)/(-3))/((-6)/18). What is the units digit of s(c)?
0
Let o(a) = 17*a**2 + 5*a + 4. What is the hundreds digit of o(5)?
4
What is the hundreds digit of 6193/3 + 8 + (-125)/15?
0
Let v = 20 - 26. Let t(z) = -29*z - 21. What is the tens digit of t(v)?
5
Suppose -3*j + 46 + 186 = 5*a, -2*a - 2*j + 92 = 0. Let k = 21 - a. Let y = k - -38. What is the tens digit of y?
1
Let t = -12 + 16. Suppose 3*b = x - 48, t*b + x = -3*x - 48. What is the tens digit of 12/b*(-25)/2?
1
Let s(u) = -9*u - 143. What is the units digit of s(-26)?
1
Let b be (58/(2/(-4) - 0))/(-1). Suppose 3*c - 172 - b = 0. What is the tens digit of c?
9
Suppose 2*x - 4 = 3*m, 5*x - 3*m - 9 = 10. Suppose -2*h = -x*u - 1 - 2, -8 = -3*h + 4*u. Suppose -h*k + 12 = -16. What is the units digit of k?
7
Let n be 8 + -2 + -9 + 6. Suppose n*z = j + 4*z - 100, 0 = 3*j - 4*z - 300. Suppose -5*q = -q - j. What is the tens digit of q?
2
Suppose 11*o = 13*o - 1834. What is the units digit of o?
7
Let l = 1471 - 443. What is the tens digit of l?
2
Suppose i - 144 = 7*i. Let z = -87 - i. What is the tens digit of (-873)/z + 1/7?
1
Let o(y) = y**2 + 11*y + 20. Let x be o(-9). Suppose 6*m + 462 = 5*l + x*m, 279 = 3*l - 3*m. What is the tens digit of l?
9
Let v(z) = 8*z + 2. Let o(d) = 23*d + 5. Let g(i) = 